- 2*y**2 + 2*y + 2. Let v(t) = m*x(t) + 7*h(t). Determine v(2).
24
Suppose 0 = -6*a + 4*a - 4. Let i(z) be the first derivative of 10*z**2 - z - 1105. Give i(a).
-41
Suppose -2 - 2 = 2*n. Let l(g) = 478*g**2 + 2*g + g**3 - 1 - 299*g**2 - 177*g**2. Give l(n).
-5
Let h(t) be the third derivative of -5*t**4/8 - 41*t**3/6 - 4670*t**2. What is h(-7)?
64
Suppose -5*r = -11 + 1. Let t(a) = 1 - 4*a**2 - a**2 - 2*a**r - 2. Suppose 4*w - 3*g = 3 + 10, -3*w + 6 = -g. Determine t(w).
-8
Let r(d) = d**2 + 7*d - 13. Suppose -2*a = -h - 0*a + 32, -3*h + a = -111. Suppose u - h = 21. Let m = 50 - u. Give r(m).
5
Let v = 28432 + -28494. Let s(y) = -2*y**3 - 123*y**2 + 61*y - 59. Calculate s(v).
3
Let c(n) = 2*n**2 - 35*n - 76. Let w be c(-2). Let t(a) = 42*a + 42*a - 88*a + 3. What is t(w)?
-5
Suppose 9*u + 371 = 919 - 458. Let o(y) = 7*y - 31. What is o(u)?
39
Let t(k) = k**2 + 10*k - 1. Let i be (3/4)/(36/144). Suppose i*o - 12 = 2*l, o + 5 = -l + 3*o. Give t(l).
-10
Let l = -19 + 7. Let x be (-48)/l*1/(-2). Let f(j) be the second derivative of j**4/12 + 2*j**3/3 + j**2 + 9*j. Determine f(x).
-2
Let k(x) = 8*x + 14. Suppose -2*i - 32 = 61*a - 57*a, 3*a - 4*i = -2. Give k(a).
-34
Let p(h) = 6*h + h**2 + 26 - 42 + 21. Suppose -28 = 3*c + 4*q, -118 = 5*c + 2*q - 90. Calculate p(c).
-3
Let v(g) = 3*g**2. Suppose 0 = 14*j - 64 + 8. Suppose j*m - 4*s = -8, -2*s + 0*s + 2 = -4*m. What is v(m)?
3
Let j(w) = -2*w - 3. Suppose -18 = y - 2*y + 4*r, -5*y = -2*r - 54. Let l(g) = -g**2 + 12*g - 14. Let z be l(y). Suppose -7 - 17 = z*m. Calculate j(m).
5
Let z(n) = n + 6. Let q be ((-12)/21)/((-26)/6643). Suppose -q = 47*k + 42. Calculate z(k).
2
Let v(d) be the second derivative of -5*d**4/12 + d**3/2 - 3*d**2 + d + 591. Calculate v(3).
-42
Let v(p) = -2*p**2 + 6*p + 3. Let y = -820 + 823. Suppose y = w, 2*z + 29*w - 14 = 27*w. What is v(z)?
-5
Let d = -2301 - -2288. Let q(h) = -h**2 - 13*h - 18. Give q(d).
-18
Suppose -50 = -423*d + 398*d. Let t(r) = -6*r**2 + 12*r - 25. Determine t(d).
-25
Suppose -8 = -2*c, f - 10*c + 14*c = 21. Let v(b) = 5*b - 14. Let s(d) = -2*d + 5. Let w(i) = -11*s(i) - 4*v(i). What is w(f)?
11
Let d(t) = -3 + 6 + 48 - 8 + 5*t. Calculate d(0).
43
Let s be (4 + -3)/(4*1/32). Let n be (2/s)/((-7)/(-140)). Let m(q) = 4 + 2 - 3 + q. What is m(n)?
8
Let v(d) be the second derivative of -2*d**3/3 + 3*d**2/2 + 1157*d. Give v(-8).
35
Let t(w) be the third derivative of -1/6*w**3 + 1 + 1/4*w**4 - 42*w**2 + 0*w. Give t(-4).
-25
Suppose -13*b + 8*b = -40, 35 = f + 5*b. Let z(c) = -c**3 - 9*c**2 - 20*c - 16. Determine z(f).
-16
Let c(p) be the first derivative of -p**7/840 - p**6/36 + p**5/40 + p**4/12 - p**3/3 + 3*p**2/2 + 78. Let z(j) be the third derivative of c(j). What is z(-10)?
-28
Suppose 4 = n + 2*t, 4*n - 11*t + 482 = 346. Let s(b) = -6 - 20*b**3 + 19*b**3 - 6*b**2 - 5*b**2 + 12*b. Determine s(n).
-6
Let m(y) = -9*y**2 + 9*y**2 - 8*y**2 - 2. Determine m(2).
-34
Suppose 32 = -2*v + o, -4*v + 38*o - 56 = 40*o. Let h(i) = -14*i + 11 + i**2 + 0 - 2*i**2. Calculate h(v).
-4
Let f = 4902 - 4893. Let x(p) = p**2 - 4*p - 39. What is x(f)?
6
Let v = 524 - 457. Let r(f) = 0*f - 60 + 116 - v - 2*f. Determine r(-3).
-5
Let b be 20/(-36) + (-536)/72. Let c(s) = 35*s + 293. Give c(b).
13
Let m(s) = s**2 - 2*s + 8. Suppose 3*u - 3*d - 213 = 0, 2*d - 243 = -3*u - 30. Let v = u + -65. What is m(v)?
32
Let a = 14 + -8. Let u(k) = -k - 12. Let s(c) be the first derivative of c**2/2 + 2*c - 50. Let r(p) = -2*s(p) - u(p). Determine r(a).
2
Let d(n) be the first derivative of n**4/12 + 5*n**3/3 + 11*n**2/2 + 150*n + 122. Let z(a) be the first derivative of d(a). Give z(-8).
-5
Let f be 182/(-156) + (-363)/(-18). Let a(n) = n**3 - 22*n**2 + 56*n + 18. Calculate a(f).
-1
Suppose 144*f = 143*f + 14. Let z(g) = -20*g + 11*g + 26 - f - g**2. Calculate z(-10).
2
Let k(x) = -4233 + 2*x + x + 4234. What is k(-2)?
-5
Let d(f) = 2*f**2 - 4*f + 5. Let s(l) = 1. Let u = -278 - -280. Let i(p) = u*s(p) - d(p). Give i(3).
-9
Let d(n) = -2*n + 25. Suppose 30 = -3*z + 641*h - 638*h, -3*z - 33 = -4*h. Calculate d(z).
39
Let d(p) = -1663*p + 0*p**2 + 1667*p - 143 + p**2. What is d(10)?
-3
Let l(c) = 2*c - 5. Suppose 17*o - 1550 = 745. Let z = o + -127. Determine l(z).
11
Let z(i) = i**2 - 25 - 12 + 12*i - 35 + 10. Let y be z(-16). Let x(a) = 12*a + 1. Give x(y).
25
Let j(r) = r**3 - 15*r**2 - 17*r + 19. Let y = -312 - -328. Let a be j(y). Let c(f) = 2*f**2 - 2*f - 3*f + 2*f - 3. Calculate c(a).
6
Let q(p) = 6*p + 3*p**3 + 3 - 11 - 4*p**3 + 16 + 7 - 8*p**2. Give q(-8).
-33
Let w(q) = q**3 + 4. Suppose -15 = -6*r + 3*r. Let l(v) = -v**3 - v**2 + v - 4. Let y(t) = r*l(t) + 6*w(t). Let m = -55 - -59. Give y(m).
8
Let g be 0/(-9)*(-1)/(-3). Let w(f) = -10*f + f - 1 + g*f + f. Let l(k) = -3*k - 1. Let s(v) = -5*l(v) + 3*w(v). Calculate s(3).
-25
Let c = 18296 + -18291. Let l(n) = -n**2 + n + 19. Determine l(c).
-1
Suppose -7*k + 33 - 5 = 0. Suppose -k = a, 0*v + 2*a = -2*v. Let w(t) = t - 9. What is w(v)?
-5
Let o(d) = 14*d - 52. Let h(q) = -11*q + 40. Let n(y) = 5*h(y) + 4*o(y). Give n(-8).
-16
Suppose -9 + 21 - 12 = -36*a. Let y(c) = 19*c + 4. Calculate y(a).
4
Let s(p) = -5*p**2 + 2*p - 6. Suppose -5*x - 3 = -3*n, -132*x + 131*x = 2*n - 15. Calculate s(x).
-45
Suppose 17*b = 9*b + 48. Let h(o) = -8*o - 12. Let p(i) = 7*i + 12. Let n be 16/(-48) + 44/6. Let c(k) = b*h(k) + n*p(k). Calculate c(-7).
5
Let t(h) be the second derivative of -35*h + 1/60*h**5 - 21/2*h**2 + h**3 - 1/6*h**4 + 0. Let y(d) be the first derivative of t(d). What is y(4)?
6
Let j be (-96)/9 + 4/6. Let r(q) = -q**3 + 3*q**2 - 2*q + 2. Let s be r(0). Let c(y) = -103 - y**s + 190 - 94 - 11*y. What is c(j)?
3
Let x be (4/(-3))/((-204)/(-72) + -3). Let g(b) = -b**2 + 13*b. Give g(x).
40
Let m(l) = -2 + 2*l**3 + 155*l - 156*l - 3*l**2 + 5*l**2. Let g(n) = n**2 - 6*n - 6. Let h be g(7). Suppose h = -7*j - 13. Determine m(j).
-8
Let m(x) = 15*x**2 + 7*x**2 + x**3 - 3669*x + 3687*x - 55. Calculate m(-21).
8
Let u be (-1)/((-6)/18) + 8. Let l(f) = -1 + 86*f**2 - u - 87*f**2 - 16*f. Calculate l(-15).
3
Let v(t) be the third derivative of -t**6/360 - t**5/40 + t**4/8 + 11*t**3/6 - 2*t**2 + 10. Let f(r) be the first derivative of v(r). Determine f(-3).
3
Let f(d) = -47*d**2 + 79*d - 531. Let y(p) = 27*p**2 - 38*p + 265. Let v(c) = -4*f(c) - 7*y(c). What is v(-55)?
-6
Suppose -2*y - 2*a + 20 - 6 = 0, 2*y - 3*a = 24. Let z(k) = 6 - 13*k**2 - y + 12*k**2. Determine z(-3).
-12
Suppose -4*x = -2*k + 3*k - 9, 4*k = x + 2. Suppose 4*t + 3*r = 11, -3*t + x*t = -5*r + 3. Let f(n) = -n**3 - 2*n**2 + 2*n + 1. Give f(t).
-11
Suppose 3*p = -0*p + 6. Suppose 0 = -p*x + z + 12, 4*x + 3*z - z = 16. Let u(j) = 7*j - j + 2*j**2 + 2 - 8*j - 3*j**2 + 3*j. Determine u(x).
-18
Let q(h) = h**3 + 5*h**2 + 7*h - 2. Suppose -43*u + 2*t = -45*u + 6, 2*u - 5*t + 29 = 0. Give q(u).
-4
Let x = -6759 - -6752. Let p(g) = g**3 + 7*g**2 - 9*g + 7. Give p(x).
70
Let c(l) = -17*l - 25. Suppose 5*m - 33*m + 196 = 0. Let q(o) = 8*o + 11. Let p(f) = m*q(f) + 3*c(f). Calculate p(-2).
-8
Let g(s) = 358*s - 479. Let t(f) = 162*f - 240. Let v(h) = 4*g(h) - 9*t(h). Give v(10).
-16
Let d(j) = 2*j**2 - 83*j + 124. Let h(k) = 5*k**3 - 74*k**2 - 12*k - 5. Let w be h(15). What is d(w)?
4
Let h be (2 - (-39)/(-18)) + 87465/(-306). Let p = h + 287. Let z(y) = -y. Determine z(p).
-1
Let g(c) be the first derivative of c**6/120 + c**5/10 - 3*c**4/8 - c**3/3 + 28*c**2 + 13. Let o(p) be the second derivative of g(p). What is o(-7)?
12
Let o(y) be the first derivative of 3*y**3 + 5*y - 1/4*y**4 - 1/2*y**2 + 33. Calculate o(9).
-4
Suppose -20*u - 3*u = 0. Suppose u = -6*d + 5*d - 1, -2*l - 4*d = 18. Let i(p) = -p - 4. Give i(l).
3
Let a(n) be the second derivative of 4*n**2 + 2/3*n**3 + 1/30*n**5 + 0 - 16*n - 1/4*n**4. Let t(p) be the first derivative of a(p). Calculate t(4).
12
Let z(n) = -n**3 - 4*n**2 - 7*n - 63. Suppose -4*w = 2*y + 34, -10*w + 6*w + y = 13. What is z(w)?
-3
Let v(c) = c**2 + 17*c - 13. Let b(t) = 689*t + 670. Let n be b(-1). Give v(n).
25
Let b(i) = i**2 + 56*i + 42*i - 16 - 118*i - 4*i**2 + 2*i**2. Determine b(-19).
3
Suppose -3*g + 1 = -14. Let o be g*(-12)/30 + 5. Let b(j) = -8*j + 3. Determine b(o).
-21
Let q(t) = -104 - 112 + 57*t - 43*t + 282. Determine q(-9)